{"id":46,"date":"2021-02-21T21:37:50","date_gmt":"2021-02-21T20:37:50","guid":{"rendered":"http:\/\/rustymonde.cz\/?page_id=46"},"modified":"2025-02-11T13:37:50","modified_gmt":"2025-02-11T12:37:50","slug":"vyzva","status":"publish","type":"page","link":"https:\/\/rustymonde.com\/?page_id=46","title":{"rendered":"V\u00fdzva"},"content":{"rendered":"\n<p>Pokud existuje n\u011bkdo, kdo opl\u00fdv\u00e1 ur\u010dit\u00fdmi zku\u0161enostmi, odbornost\u00ed \u010di znalostmi, nebo zkr\u00e1tka \u010d\u00edmkoliv, co by mohl poskytnout sm\u011brem do prost\u0159ed\u00ed RM a z\u00e1rove\u0148 je mu takov\u00e9 prost\u0159ed\u00ed sympatick\u00e9 a tak\u00e9 m\u00e1 v\u016fli toto prost\u0159ed\u00ed obohatit, ur\u010dit\u011b budeme r\u00e1di, kdy\u017e se o to alespo\u0148 pokus\u00ed. Stejn\u011b tak pokud n\u011bkdo disponuje informacemi, kter\u00e9 mohou b\u00fdt d\u016fle\u017eit\u00e9 pro prost\u0159ed\u00ed RM, ale i na\u0161e okol\u00ed. A\u0165 u\u017e se jedn\u00e1 o mo\u017enosti poskytnut\u00ed, vyu\u017eit\u00ed \u010di prodeje n\u011bjak\u00fdch \u201epozemk\u016f\u201c vhodn\u00fdch pro n\u00e1slednou kultivaci v nejr\u016fzn\u011bj\u0161\u00edch odv\u011btv\u00edch RM (v\u010dely, p\u011bstov\u00e1n\u00ed\/kompostov\u00e1n\u00ed, putov\u00e1n\u00ed,&nbsp;atd., nebo\u0165 jsou na\u0161e kapacity velice omezen\u00e9), o informace vedouc\u00ed k \u201ez\u00e1chran\u011b\u201c n\u011bjak\u00e9ho materi\u00e1lu (nap\u0159. v p\u0159\u00edkopu u silnice, \u010di kdekoliv, kde takov\u00fd materi\u00e1l ch\u00e1tr\u00e1, nebo nen\u00ed adekv\u00e1tn\u011b vyu\u017eit), n\u00e1\u0159ad\u00ed, n\u00e1\u010din\u00ed, zkr\u00e1tka cokoliv, co je t\u0159eba nevyu\u017e\u00edvan\u00e9, necht\u011bn\u00e9, nepot\u0159ebn\u00e9 \u010di na vyhozen\u00ed, ale potenci\u00e1l takov\u00fdch v\u011bc\u00ed je\u0161t\u011b nen\u00ed zcela vy\u010derp\u00e1n. Stejn\u011b tak budeme r\u00e1di, pokud se o takov\u00e9 informace pod\u011bl\u00ed, nevyu\u017eije-li takov\u00fd materi\u00e1l on s\u00e1m. M\u016f\u017ee se jednat t\u0159eba i o informace typu, mo\u017enosti vyu\u017eit\u00ed a zpracov\u00e1n\u00ed \u010di rekuperace plod\u016f ovocn\u00e9ho stromu, kter\u00e9 na konci l\u00e9ta padaj\u00ed a hnij\u00ed na zemi bez pov\u0161imnut\u00ed. Nebo o princip, kdy by \u010dlov\u011bk cht\u011bl poskytnout n\u011bco sv\u00e9ho, a\u0165 u\u017e je to t\u0159eba jen kybl\u00ed\u010dek s obsahem biologick\u00e9ho odpadu z kuchyn\u011b, nem\u00e1-li s\u00e1m mo\u017enost takov\u00fd odpad kompostovat. V neposledn\u00ed \u0159ad\u011b pak budeme r\u00e1di za jak\u00fdkoliv n\u00e1m\u011bt vedouc\u00ed k z\u00edsk\u00e1n\u00ed jak\u00e9hokoliv prostoru \u010di prostranstv\u00ed za \u00fa\u010delem \u201eskladov\u00e1n\u00ed\u201c rekuperovan\u00fdch, odpadn\u00edch, \u010di zbytkov\u00fdch materi\u00e1l\u016f, proto\u017ee toto je na\u0161\u00edm nejv\u011bt\u0161\u00edm limitem, nebo\u0165 v r\u00e1mci skladov\u00e1n\u00ed sami disponujeme pouze velice omezen\u00fdmi prostory. V mnoha p\u0159\u00edpadech tedy nem\u016f\u017eeme velk\u00e9 mno\u017estv\u00ed r\u016fzn\u00fdch materi\u00e1lu \u201ezachr\u00e1nit\u201c a n\u00e1sledn\u011b vyu\u017e\u00edt a zpracovat. Takov\u00e9 materi\u00e1ly, i kdy\u017e n\u00e1m jsou nab\u00eddnuty, nebo je n\u011bkde nalezneme, pak bohu\u017eel s na\u0161\u00ed velkou l\u00edtost\u00ed m\u00ed\u0159\u00ed do popelnic \u010di na skl\u00e1dky, zkr\u00e1tka proto, proto\u017ee je nem\u00e1me kde uskladnit. Proto budeme r\u00e1di, pokud se nalezne n\u011bkdo, kdo bude ochoten takov\u00e9 prostory nab\u00eddnout, poskytnout, prodat \u010di zap\u016fj\u010dit, nebo poskytne informace vedouc\u00ed k takov\u00e9mu nalezen\u00ed, \u010d\u00edm\u017e se efektivita nejedn\u00e9 oblasti v r\u00e1mci RM mnohon\u00e1sobn\u011b zv\u00fd\u0161\u00ed.&nbsp;<\/p>\n\n\n\n<p>Z\u00e1rove\u0148 bych r\u00e1d podotkl, aby ka\u017ed\u00fd, kdo disponuje n\u011bjak\u00fdm \u201emateri\u00e1lem\u201c (nepot\u0159ebn\u00fdm, nevyu\u017eit\u00fdm, odpadn\u00edm atp.) na n\u00e1s myslel, i kdy\u017e t\u0159eba ji\u017e ke komunikaci ohledn\u011b takov\u00e9ho materi\u00e1lu do\u0161lo, ale z n\u011bjak\u00e9ho d\u016fvodu jsme nebyli schopni takov\u00fd materi\u00e1l odebrat. Podm\u00ednky se toti\u017e neust\u00e1le m\u011bn\u00ed a tak, i kdy\u017e to t\u0159eba nebylo d\u0159\u00edve mo\u017en\u00e9 z d\u016fvodu chyb\u011bj\u00edc\u00ed mo\u017enosti transportu, skladovac\u00ed kapacity, schopnosti zpracov\u00e1n\u00ed atp. Nen\u00ed vylou\u010deno \u017ee p\u0159\u00ed\u0161t\u00ed t\u00fdden, m\u011bs\u00edc, \u010di rok takov\u00e9 kapacity nevytvo\u0159\u00edme.&nbsp; Proto \u017e\u00e1d\u00e1me, aby ka\u017ed\u00fd, komu je toto prost\u0159ed\u00ed sympatick\u00e9, v\u017edy pe\u010dliv\u011b zv\u00e1\u017eil, zda ur\u010dit\u00fd materi\u00e1l \u201evyhod\u00ed\u201c nebo se ho pokus\u00ed poskytnout RM, i kdy\u017e jsme t\u0159eba v minulosti takov\u00fd materi\u00e1l odebrat nemohli, a to t\u0159eba i n\u011bkolikr\u00e1t po sob\u011b.<\/p>\n\n\n\n<p>Zkr\u00e1tka budeme r\u00e1di za jak\u00e9koliv typy, n\u00e1pady, pomoc, sou\u010dinnost a rady, kter\u00e9 budou moci obohatit prost\u0159ed\u00ed RM a umo\u017enit tak zv\u00fd\u0161it efektivitu poskytov\u00e1n\u00ed slu\u017eeb, ale p\u0159edev\u0161\u00edm m\u00edr\u016f benefit\u016f plynouc\u00edch prost\u0159ednictv\u00edm RM na\u0161emu okol\u00ed.<\/p>\n\n\n\n<p>P.S. V p\u0159\u00edpad\u011b nalezen\u00ed gramatick\u00fdch chyb, d\u011bkujeme za zp\u011btnou vazbu.<\/p>\n","protected":false},"excerpt":{"rendered":"<p>Pokud existuje n\u011bkdo, kdo opl\u00fdv\u00e1 ur\u010dit\u00fdmi zku\u0161enostmi, odbornost\u00ed \u010di znalostmi, nebo zkr\u00e1tka \u010d\u00edmkoliv, co by mohl poskytnout sm\u011brem do prost\u0159ed\u00ed RM a z\u00e1rove\u0148 je mu takov\u00e9 prost\u0159ed\u00ed sympatick\u00e9 a tak\u00e9 m\u00e1 v\u016fli toto prost\u0159ed\u00ed obohatit, ur\u010dit\u011b budeme r\u00e1di, kdy\u017e se o to alespo\u0148 pokus\u00ed. Stejn\u011b tak pokud n\u011bkdo disponuje informacemi, kter\u00e9 mohou b\u00fdt d\u016fle\u017eit\u00e9 pro&hellip;&nbsp;<a href=\"https:\/\/rustymonde.com\/?page_id=46\" rel=\"bookmark\">\u010c\u00edst d\u00e1le &raquo;<span class=\"screen-reader-text\">V\u00fdzva<\/span><\/a><\/p>\n","protected":false},"author":1,"featured_media":0,"parent":0,"menu_order":42,"comment_status":"closed","ping_status":"closed","template":"","meta":{"_et_pb_use_builder":"","_et_pb_old_content":"","_et_gb_content_width":"","neve_meta_sidebar":"full-width","neve_meta_container":"","neve_meta_enable_content_width":"on","neve_meta_content_width":100,"neve_meta_title_alignment":"","neve_meta_author_avatar":"","neve_post_elements_order":"","neve_meta_disable_header":"","neve_meta_disable_footer":"","neve_meta_disable_title":"","pgc_sgb_lightbox_settings":"","footnotes":""},"class_list":["post-46","page","type-page","status-publish","hentry"],"lang":"cs","translations":{"fr":3333,"cs":46},"pll_sync_post":[],"_links":{"self":[{"href":"https:\/\/rustymonde.com\/index.php?rest_route=\/wp\/v2\/pages\/46","targetHints":{"allow":["GET"]}}],"collection":[{"href":"https:\/\/rustymonde.com\/index.php?rest_route=\/wp\/v2\/pages"}],"about":[{"href":"https:\/\/rustymonde.com\/index.php?rest_route=\/wp\/v2\/types\/page"}],"author":[{"embeddable":true,"href":"https:\/\/rustymonde.com\/index.php?rest_route=\/wp\/v2\/users\/1"}],"replies":[{"embeddable":true,"href":"https:\/\/rustymonde.com\/index.php?rest_route=%2Fwp%2Fv2%2Fcomments&post=46"}],"version-history":[{"count":6,"href":"https:\/\/rustymonde.com\/index.php?rest_route=\/wp\/v2\/pages\/46\/revisions"}],"predecessor-version":[{"id":6576,"href":"https:\/\/rustymonde.com\/index.php?rest_route=\/wp\/v2\/pages\/46\/revisions\/6576"}],"wp:attachment":[{"href":"https:\/\/rustymonde.com\/index.php?rest_route=%2Fwp%2Fv2%2Fmedia&parent=46"}],"curies":[{"name":"wp","href":"https:\/\/api.w.org\/{rel}","templated":true}]}}